{"id":7421,"date":"2019-08-20T12:47:34","date_gmt":"2019-08-20T12:47:34","guid":{"rendered":"https:\/\/www.randomdoodle.com\/?page_id=7421"},"modified":"2019-08-27T08:19:03","modified_gmt":"2019-08-27T08:19:03","slug":"home","status":"publish","type":"page","link":"https:\/\/einkursinwundern.ch\/","title":{"rendered":"Ein Kurs in Wundern"},"content":{"rendered":"<p><b>Ein Kurs in Wundern<\/b>\u00a0(A Course in Miracles) erschien 1976 in\u00a0den USA, die deutsche \u00dcbersetzung erschien 1994 im\u00a0Greuthof-Verlag.<\/p>\n<p><strong>Das Wunder bezeichnet kein \u00e4usseres Ph\u00e4nomen, sondern eine Ver\u00e4nderung unserer Wahrnehmung.<\/strong><\/p>\n<p><i>Ein Kurs in Wundern<\/i>\u00a0ist nicht als Grundlage f\u00fcr eine neue Religion, Bewegung oder Vereinigung gedacht. Vielmehr hilft er, im Selbststudium und unabh\u00e4ngig von \u00e4u\u00dferen Autorit\u00e4ten den eigenen inneren Lehrer in sich zu finden.<\/p>\n<p>Der Kurs verbindet auf einzigartige Weise Psychologie mit einer non-dualistischen Spiritualit\u00e4t. Er lehrt uns, Menschen und Situationen, die uns schwierig erscheinen, zunehmend friedlicher und gelassener zu sehen Er vergleicht unsere Existenz in dieser Welt mit einem Traum und hilft uns, daraus aufzuwachen.<\/p>\n<p>Der Kurs leitet uns sanft an, die Schranken, die wir selbst aus \u00c4ngsten, Schuld- und Angriffsgef\u00fchlen vor der Liebe errichtet haben, ohne Urteil anzuschauen und durch Vergebung aufzul\u00f6sen.<\/p>\n","protected":false},"excerpt":{"rendered":"<p>Ein Kurs in Wundern\u00a0(A Course in Miracles) erschien 1976 in\u00a0den USA, die deutsche \u00dcbersetzung erschien 1994 im\u00a0Greuthof-Verlag. Das Wunder bezeichnet kein \u00e4usseres Ph\u00e4nomen, sondern eine Ver\u00e4nderung unserer Wahrnehmung. Ein Kurs in Wundern\u00a0ist nicht als Grundlage f\u00fcr eine neue Religion, Bewegung oder Vereinigung gedacht. Vielmehr hilft er, im Selbststudium und unabh\u00e4ngig von \u00e4u\u00dferen Autorit\u00e4ten den eigenen<\/p>\n","protected":false},"author":1,"featured_media":7428,"parent":0,"menu_order":0,"comment_status":"closed","ping_status":"closed","template":"","meta":{"inline_featured_image":false,"footnotes":""},"class_list":["post-7421","page","type-page","status-publish","has-post-thumbnail","hentry"],"jetpack_sharing_enabled":true,"_links":{"self":[{"href":"https:\/\/einkursinwundern.ch\/index.php?rest_route=\/wp\/v2\/pages\/7421","targetHints":{"allow":["GET"]}}],"collection":[{"href":"https:\/\/einkursinwundern.ch\/index.php?rest_route=\/wp\/v2\/pages"}],"about":[{"href":"https:\/\/einkursinwundern.ch\/index.php?rest_route=\/wp\/v2\/types\/page"}],"author":[{"embeddable":true,"href":"https:\/\/einkursinwundern.ch\/index.php?rest_route=\/wp\/v2\/users\/1"}],"replies":[{"embeddable":true,"href":"https:\/\/einkursinwundern.ch\/index.php?rest_route=%2Fwp%2Fv2%2Fcomments&post=7421"}],"version-history":[{"count":11,"href":"https:\/\/einkursinwundern.ch\/index.php?rest_route=\/wp\/v2\/pages\/7421\/revisions"}],"predecessor-version":[{"id":7618,"href":"https:\/\/einkursinwundern.ch\/index.php?rest_route=\/wp\/v2\/pages\/7421\/revisions\/7618"}],"wp:featuredmedia":[{"embeddable":true,"href":"https:\/\/einkursinwundern.ch\/index.php?rest_route=\/wp\/v2\/media\/7428"}],"wp:attachment":[{"href":"https:\/\/einkursinwundern.ch\/index.php?rest_route=%2Fwp%2Fv2%2Fmedia&parent=7421"}],"curies":[{"name":"wp","href":"https:\/\/api.w.org\/{rel}","templated":true}]}}